e factors of (-3)/2*(o + -9)?
2, 3
Let r(d) = d - 2. Let j be r(2). Suppose j = -4*g - 2 + 10. Suppose 20 = g*s + 4*q, 2*s - s = -q + 7. List the prime factors of s.
2
Suppose 186*f = 183*f + 27. List the prime factors of f.
3
Suppose -f = -2*q - 2*q + 11, 2*f + 16 = 5*q. Suppose -q*j + 10 + 0 = 0. Suppose 2*c = j*l + 28 - 3, -c + 2*l + 11 = 0. What are the prime factors of c?
5
Let s be (2 - -1)/(-6)*-6. Suppose -2*x + 2*q + 43 = s*x, 3*q + 6 = x. List the prime factors of x.
3
List the prime factors of 159*(-3)/(-9) - (1 - 0).
2, 13
Let v(q) = 3*q + 3. Let a(x) = x**3 + 3*x**2 + 2*x + 3. Let h be a(-2). What are the prime factors of v(h)?
2, 3
Let a be 2 + 9 - (-4 + 3). Let d(x) = -x**2 + 13*x + 15. What are the prime factors of d(a)?
3
Let x(b) = b**3 - 4*b**2 + b + 4. Suppose -5*m + 25 = q - 1, -5*q = 3*m - 20. Let j = 5 - q. What are the prime factors of x(j)?
2
Let n = 6 - 4. Let l(f) = 2*f**2 - 2*f - 1. Let g be l(n). Suppose 5*o = 5*c + 4 - 14, g*c - 16 = -2*o. What are the prime factors of c?
2
Let t be 0/2 + (2 - 1). Let a = 1 + t. What are the prime factors of a/(-1*6/(-9))?
3
Let r(n) = -n. Let d be r(-4). Suppose -m - d*b = 9, b - 2*b + 6 = 3*m. Suppose 6 = 2*w, -m*y + 33 = 3*w + 2*w. List the prime factors of y.
2, 3
Let y = 8 + -6. Suppose 16 = 2*r + 6. Suppose r*w = -2*f + 61, w - y*f = 3*f - 4. What are the prime factors of w?
11
Let v = -2 + 6. Suppose 4*z = -5*u + 3, -7*u = 3*z - 2*u + v. What are the prime factors of z?
7
What are the prime factors of 10/10 + (62 - -1)?
2
Let g(d) be the third derivative of d**4/12 + d**3/3 - d**2. Let u be g(3). Suppose -2*w - 2*w + u = 3*c, c = 4*w + 24. What are the prime factors of c?
2
Let i(h) be the second derivative of h**3/6 - 5*h**2/2 - 5*h. What are the prime factors of i(7)?
2
Let q = 11 - 9. Suppose k + 4*k - 99 = -4*r, -2*r = -2. Suppose -15 = -5*s, q*a + s - 4 = k. What are the prime factors of a?
2, 5
Suppose -389 = -6*n - 47. What are the prime factors of n?
3, 19
Let v = -34 + 51. What are the prime factors of v?
17
Let q be (-2 - -4) + -6 - -4. Suppose -6*a + 3*a + 108 = q. What are the prime factors of a?
2, 3
Suppose 0 = -6*h + h + 120. Suppose -8*j = -3*j - 4*a - h, 0 = 5*a - 20. What are the prime factors of j?
2
What are the prime factors of 12/(-15)*(-135)/6?
2, 3
Suppose 3*t + 0*t - 33 = 0. Let p(k) = k**2 - 11*k + 5. List the prime factors of p(t).
5
Let z = -8 + 3. Let u = 24 + z. What are the prime factors of u?
19
Let t = -5 + 7. Let s(y) = y**3 - y**2 - 2*y + 3. Let n be s(t). Suppose 8*j - n*j - 35 = 0. List the prime factors of j.
7
Suppose -5*f + 256 + 869 = 0. What are the prime factors of f?
3, 5
Suppose 320 = -0*k + 8*k. What are the prime factors of k?
2, 5
Let s = 95 - 65. What are the prime factors of s?
2, 3, 5
Suppose -5*x = -25, -3*y - 3*x = -4*x - 25. List the prime factors of 98/4 + (-5)/y.
2, 3
Suppose -4*c - 5*w + 60 = -3*c, 0 = 2*c + 2*w - 104. Suppose i = -2*d - 3*i - 28, -5*i - c = 5*d. Let b = 21 + d. What are the prime factors of b?
3, 5
Let i(u) = -u**3 - u**2 - 5*u - 5. List the prime factors of i(-3).
2, 7
Let p be (-1)/((5/2)/(-5)). Let l(o) = o**3 - 3*o**2 + 2*o + 2. Let k be l(p). Suppose 2*n = k*y + 8, -5*y + 4 = -1. What are the prime factors of n?
5
Suppose u - 4*x + 17 - 2 = 0, 5*x = 25. Suppose -31 = -3*g + 6*w - w, -u*g + w + 15 = 0. List the prime factors of g.
2
Let r be (-3)/(-1 + 2/4). Let q = 4 - r. Let z = q + 4. List the prime factors of z.
2
Suppose 0 - 5 = -r. Suppose -10*m = -r*m - 65. List the prime factors of m.
13
Suppose 0 = v + 2*v - 9. Suppose 2*u + 26 = v*u. What are the prime factors of u?
2, 13
List the prime factors of (-1220)/(-35) - 1/(-7).
5, 7
Let z = -16 - -8. Let f = -1 - z. What are the prime factors of f?
7
Suppose 7*g - 2*g - 60 = 0. Let f(s) = -s**3 + 13*s**2 - 10*s - 16. Let b be f(g). Let j = b - 5. List the prime factors of j.
3
Let f(s) = 11*s - 10. List the prime factors of f(4).
2, 17
Suppose 18*c - 17*c = 55. List the prime factors of c.
5, 11
Let n(h) = -30*h**3 + h - 1. Let s be n(1). Let x = s - -45. What are the prime factors of x?
3, 5
Let q = -29 - -82. Let x = q - 31. What are the prime factors of x?
2, 11
Let s(w) be the third derivative of w**5/60 + w**4/24 + w**3/6 + 2*w**2. Let c be s(-2). Suppose 2*p = b - 1, 0 = c*b + p - 1 - 16. List the prime factors of b.
5
Suppose 671 + 69 = 10*d. List the prime factors of d.
2, 37
Let p(l) = 3*l**3 + 6*l - 3*l**3 - l**3 - 5*l**2 + 5. Let h be p(-6). List the prime factors of 6/(h/(10/4)).
3
Let j = -107 + 234. What are the prime factors of j?
127
Let a be ((-40)/(-12))/(2/3). Suppose 14 + 16 = a*j. What are the prime factors of j?
2, 3
Suppose -5*b + 77 = 4*a - 28, b - 22 = -a. Let m = b - 9. Let j = m + -1. List the prime factors of j.
7
Let m(t) = t + 22. Let j(v) = -12*v**2 + 1. Let c be j(-1). List the prime factors of m(c).
11
Let w(f) = 5*f + 284. List the prime factors of w(0).
2, 71
Let l(y) = 9*y**2 - y. Let q(w) = -w**3 + 6*w**2 + 8*w - 6. Let t be q(7). Let s(g) = g**2. Let n(c) = t*l(c) + 3*s(c). What are the prime factors of n(1)?
11
Suppose -g + 23 = -5*k, -4*g = -2*k - k - 41. Suppose -g*d = -5*d - 51. What are the prime factors of d?
17
Suppose 5*k - 125 = -2*f, 0 = -5*f - 4*k + 154 + 116. What are the prime factors of f?
2, 5
Suppose -29 = -2*a + 53. Let l = 71 - a. What are the prime factors of 12/l - 48/(-5)?
2, 5
Suppose 10 = 2*v - 2*w, 5*v + 7*w - 3*w = 16. Suppose v*y - 62 = 22. Suppose m = 4*m - y. What are the prime factors of m?
7
Suppose 2*w = w. Let f be 2 + (-1 - w) - -1. Suppose 5*r - 21 = f*r. What are the prime factors of r?
7
Suppose -80 = -3*f - 26. List the prime factors of f.
2, 3
Let d be (2 - -5) + 1*-1. Let g = d + 6. List the prime factors of g.
2, 3
Let o(w) = w**2 + 2*w - 14. What are the prime factors of o(-6)?
2, 5
Let k(q) be the third derivative of 1/3*q**3 - 3*q**2 + 0*q - 1/24*q**4 + 0. List the prime factors of k(0).
2
Suppose 3*j - 4*c = j + 120, 5*j = c + 309. What are the prime factors of j?
2, 31
Let w = 4 + -4. Suppose -x + 5 = 0, j + w*x - 5*x = 0. Suppose 4*l = 57 - j. What are the prime factors of l?
2
Suppose 3*d - 440 = 412. What are the prime factors of d?
2, 71
Suppose -4*b + 2*z = 58, -3*b - 2*z = -8*b - 73. What are the prime factors of -1*(b + -1 + -2)?
2, 3
Let d be 178/3 - (-4)/6. Suppose -5*x - 4*j = -2, 5*j + 6 = -x - x. Suppose 0 = x*u + 3*u - d. What are the prime factors of u?
2, 3
Suppose d - 39 = 5*r, 3*d + 4*r - 3*r = 69. Suppose d = -b + 4*b. What are the prime factors of b?
2
Let z(o) be the second derivative of o**5/20 + o**4/3 - o**3/2 - 5*o**2/2 - o. Let h be (1*-2)/((-2)/(-4)). What are the prime factors of z(h)?
7
Suppose 5*f - 1 - 63 = 3*o, -10 = -5*f. Let h be (24/(-9))/(3/o). Suppose 2*t - 18 = h. List the prime factors of t.
17
Suppose -4*i - c + 8 = 0, 3*i - 4*c - 6 = c. Suppose -1 = -z + i. Suppose 3*d - 45 + z = 0. What are the prime factors of d?
2, 7
Suppose 6*f = 3*f - 5*p + 29, 2*p = -5*f + 80. Suppose 5*l - 4*i + 5 = 0, i = -3*i. Let d = l + f. What are the prime factors of d?
17
Suppose -5*a - 3*i = i - 185, -122 = -4*a + 2*i. What are the prime factors of a?
3, 11
Let l(t) = -t**3 + 5*t**2 + 7*t - 2. Let z be l(6). Let p(a) = -2*a - 4. Let n be p(-4). Suppose 2*b = n + z. List the prime factors of b.
2
List the prime factors of 273/14 + 1/(-2).
19
Let q(u) = 17*u**3 + 2*u**2 - 7. Let g(y) = 9*y**3 + y**2 - 4. Let r be 1/2*2*7. Let n(l) = r*g(l) - 4*q(l). What are the prime factors of n(-1)?
2
Let v(u) be the first derivative of 11*u**4/24 - u**2 - 3. Let d(r) be the second derivative of v(r). List the prime factors of d(1).
11
Suppose -2*p = a - 188, 0*a + 3*a - 549 = -p. What are the prime factors of a?
2, 7, 13
Suppose -2*o = -2*v + 3*o + 35, v = -o. Let d(u) = -u**3 + 2*u + 4*u**2 + 0*u**3 + u + v + u**2. List the prime factors of d(5).
2, 5
Let z be (-3)/(-3)*(-1 + 4). Let c(p) = 3*p + 3. What are the prime factors of c(z)?
2, 3
Suppose -3*r - 3*z - 13 = -2*z, -z + 27 = -5*r. Let k(y) = y**2 + 5*y + 5. List the prime factors of k(r).
5
Let w be 12/(3*1/26). Suppose 4*k + 5*q - w = 0, 2*k + 2*k - q - 80 = 0. What are the prime factors of k?
3, 7
Let z(w) = 2*w + 1. Let g be z(2). Suppose g*y = 21 + 79. What are the prime factors of y?
2, 5
